{"id":185,"date":"2013-12-03T21:06:41","date_gmt":"2013-12-03T20:06:41","guid":{"rendered":"http:\/\/www.wrs-spiele.at\/wordpress\/?page_id=185"},"modified":"2024-02-06T11:06:39","modified_gmt":"2024-02-06T10:06:39","slug":"spielen-in-oesterreich","status":"publish","type":"page","link":"http:\/\/www.wrs-spiele.at\/wordpress\/?page_id=185","title":{"rendered":"Spielefeste in \u00d6sterreich"},"content":{"rendered":"<h5 style=\"text-align: left;\"><b><a href=\"http:\/\/www.wrs-spiele.at\/wordpress\/wp-content\/uploads\/2013\/12\/Header_05.jpg\"><img loading=\"lazy\" class=\"alignnone size-medium wp-image-186\" src=\"http:\/\/www.wrs-spiele.at\/wordpress\/wp-content\/uploads\/2013\/12\/Header_05-300x42.jpg\" alt=\"Header_05\" width=\"287\" height=\"40\" srcset=\"http:\/\/www.wrs-spiele.at\/wordpress\/wp-content\/uploads\/2013\/12\/Header_05-300x42.jpg 300w, http:\/\/www.wrs-spiele.at\/wordpress\/wp-content\/uploads\/2013\/12\/Header_05.jpg 782w\" sizes=\"(max-width: 287px) 100vw, 287px\" \/><\/a> \u00d6sterreichische Spielefeste<\/b><\/h5>\n<p style=\"text-align: justify;\">Ende Oktober bis Mitte Dezember jedes Jahres finden mehrere kleine Spielefeste statt.<\/p>\n<p style=\"text-align: justify;\"><span style=\"font-size: revert;\">Als Organisatorin und Veranstaltet ist meine Tochter Isabella Prior t\u00e4tig.<\/span><\/p>\n<p>Das wichtiste dieser Spielefest findet auf der Schallaburg in Nieder\u00f6sterreich statt.<\/p>\n<p>Solche Spielefest sind derzeit unter anderen f\u00fcr folgende Orte geplant:<\/p>\n<ul>\n<li>Schallaburg Nieder\u00f6sterreich<\/li>\n<li>Katzelsdorf Nieder\u00f6sterreich<\/li>\n<li>Wolkersdorf Nieder\u00f6sterreich<\/li>\n<\/ul>\n<p><span style=\"font-size: revert; text-align: justify;\">Weitere Informationen \u00fcber Termine, weitere Veranstaltungsorte sowie Inhalte \u00fcber die einzelnen Spielefeste finden sie auf der Webseite <\/span><a style=\"font-size: revert; text-align: justify;\" href=\"https:\/\/aprioriagentur.at\/spiele-cons\/\">Spiele Cons \u2013 ApriorI Agentur.<\/a><\/p>\n<p>Bez\u00fcglich des gro\u00dfen Spielefestes in Wien, welches fr\u00fcher von Dagamr de Cassan veranstaltet wurde, kann ich derzeit keine Angaben machen.<\/p>\n<p>Die neuen Organisatoren haben noch keine Informationen bekannt gegeben.<\/p>\n","protected":false},"excerpt":{"rendered":"<p>\u00d6sterreichische Spielefeste Ende Oktober bis Mitte Dezember jedes Jahres finden mehrere kleine Spielefeste statt. Als Organisatorin und Veranstaltet ist meine Tochter Isabella Prior t\u00e4tig. Das wichtiste dieser Spielefest findet auf der Schallaburg in Nieder\u00f6sterreich statt. Solche Spielefest sind derzeit unter anderen f\u00fcr folgende Orte geplant: Schallaburg Nieder\u00f6sterreich Katzelsdorf Nieder\u00f6sterreich Wolkersdorf Nieder\u00f6sterreich Weitere Informationen \u00fcber Termine, &hellip; <a href=\"http:\/\/www.wrs-spiele.at\/wordpress\/?page_id=185\" class=\"more-link\"><span class=\"screen-reader-text\">Spielefeste in \u00d6sterreich<\/span> weiterlesen <span class=\"meta-nav\">&rarr;<\/span><\/a><\/p>\n","protected":false},"author":2,"featured_media":0,"parent":0,"menu_order":0,"comment_status":"open","ping_status":"open","template":"","meta":[],"_links":{"self":[{"href":"http:\/\/www.wrs-spiele.at\/wordpress\/index.php?rest_route=\/wp\/v2\/pages\/185"}],"collection":[{"href":"http:\/\/www.wrs-spiele.at\/wordpress\/index.php?rest_route=\/wp\/v2\/pages"}],"about":[{"href":"http:\/\/www.wrs-spiele.at\/wordpress\/index.php?rest_route=\/wp\/v2\/types\/page"}],"author":[{"embeddable":true,"href":"http:\/\/www.wrs-spiele.at\/wordpress\/index.php?rest_route=\/wp\/v2\/users\/2"}],"replies":[{"embeddable":true,"href":"http:\/\/www.wrs-spiele.at\/wordpress\/index.php?rest_route=%2Fwp%2Fv2%2Fcomments&post=185"}],"version-history":[{"count":10,"href":"http:\/\/www.wrs-spiele.at\/wordpress\/index.php?rest_route=\/wp\/v2\/pages\/185\/revisions"}],"predecessor-version":[{"id":518,"href":"http:\/\/www.wrs-spiele.at\/wordpress\/index.php?rest_route=\/wp\/v2\/pages\/185\/revisions\/518"}],"wp:attachment":[{"href":"http:\/\/www.wrs-spiele.at\/wordpress\/index.php?rest_route=%2Fwp%2Fv2%2Fmedia&parent=185"}],"curies":[{"name":"wp","href":"https:\/\/api.w.org\/{rel}","templated":true}]}}