{"id":36,"date":"2014-07-08T11:27:38","date_gmt":"2014-07-08T09:27:38","guid":{"rendered":"http:\/\/www.wrs-spiele.at\/paititi\/?page_id=36"},"modified":"2014-07-08T11:30:20","modified_gmt":"2014-07-08T09:30:20","slug":"hintergrundgeschichte","status":"publish","type":"page","link":"http:\/\/www.wrs-spiele.at\/paititi\/?page_id=36","title":{"rendered":"Hintergrundgeschichte"},"content":{"rendered":"<p>&nbsp;<\/p>\n<p><strong>Hintergrundgeschichte: <a href=\"http:\/\/www.wrs-spiele.at\/paititi\/wp-content\/uploads\/2014\/04\/bild1.jpg\"><img decoding=\"async\" loading=\"lazy\" class=\"alignnone size-medium wp-image-23\" src=\"http:\/\/www.wrs-spiele.at\/paititi\/wp-content\/uploads\/2014\/04\/bild1-300x240.jpg\" alt=\"bild1\" width=\"300\" height=\"240\" srcset=\"http:\/\/www.wrs-spiele.at\/paititi\/wp-content\/uploads\/2014\/04\/bild1-300x240.jpg 300w, http:\/\/www.wrs-spiele.at\/paititi\/wp-content\/uploads\/2014\/04\/bild1.jpg 500w\" sizes=\"(max-width: 300px) 100vw, 300px\" \/><\/a><\/strong><br \/>\nNach der Eroberung des Inkareiches durch Francisco Pizarro zogen sich die<br \/>\nletzten indianischen Widerstandsk\u00e4mpfer in die Bergfestung Vilcabamba zur\u00fcck.<\/p>\n<p>Von dort aus f\u00fchrten sie Jahre lang einen Guerillakrieg gegen die spanischen Besatzer.<\/p>\n<p>1572 konnten spanische Konquistadoren Vilcabamba einnehmen und den letzten<br \/>\nInka-F\u00fchrer T\u00fapac Amaru t\u00f6ten.<\/p>\n<p>Die Festung war zu diesem Zeitpunkt jedoch schon fast verlassen, die Bewohner waren zusammen mit den reichen Besitzt\u00fcmern der Inka-Herrscherkaste in den unzug\u00e4nglichen Regenwald geflohen, dort sollen sie die Sagenumwobene Stadt Paititi gegr\u00fcndet haben.<\/p>\n<p>Diese Stadt k\u00f6nnte laut Legenden jedoch\u00a0 auch in den peruanische Cordillera Volc\u00e1nica, gelegen sein, dies ist eine Gebirgskette imposanter Vulkane. Im Zuge eines Ausbruchs dieser Vulkane k\u00f6nnte die Stadt zerst\u00f6rt und versch\u00fcttet worden sein.<\/p>\n","protected":false},"excerpt":{"rendered":"<p>&nbsp; Hintergrundgeschichte: Nach der Eroberung des Inkareiches durch Francisco Pizarro zogen sich die letzten indianischen Widerstandsk\u00e4mpfer in die Bergfestung Vilcabamba zur\u00fcck. Von dort aus f\u00fchrten sie Jahre lang einen Guerillakrieg gegen die spanischen Besatzer. 1572 konnten spanische Konquistadoren Vilcabamba einnehmen und den letzten Inka-F\u00fchrer T\u00fapac Amaru t\u00f6ten. Die Festung war zu diesem Zeitpunkt jedoch schon &hellip; <a href=\"http:\/\/www.wrs-spiele.at\/paititi\/?page_id=36\" class=\"more-link\"><span class=\"screen-reader-text\">Hintergrundgeschichte<\/span> weiterlesen <span class=\"meta-nav\">&rarr;<\/span><\/a><\/p>\n","protected":false},"author":2,"featured_media":0,"parent":0,"menu_order":0,"comment_status":"open","ping_status":"open","template":"","meta":[],"_links":{"self":[{"href":"http:\/\/www.wrs-spiele.at\/paititi\/index.php?rest_route=\/wp\/v2\/pages\/36"}],"collection":[{"href":"http:\/\/www.wrs-spiele.at\/paititi\/index.php?rest_route=\/wp\/v2\/pages"}],"about":[{"href":"http:\/\/www.wrs-spiele.at\/paititi\/index.php?rest_route=\/wp\/v2\/types\/page"}],"author":[{"embeddable":true,"href":"http:\/\/www.wrs-spiele.at\/paititi\/index.php?rest_route=\/wp\/v2\/users\/2"}],"replies":[{"embeddable":true,"href":"http:\/\/www.wrs-spiele.at\/paititi\/index.php?rest_route=%2Fwp%2Fv2%2Fcomments&post=36"}],"version-history":[{"count":3,"href":"http:\/\/www.wrs-spiele.at\/paititi\/index.php?rest_route=\/wp\/v2\/pages\/36\/revisions"}],"predecessor-version":[{"id":44,"href":"http:\/\/www.wrs-spiele.at\/paititi\/index.php?rest_route=\/wp\/v2\/pages\/36\/revisions\/44"}],"wp:attachment":[{"href":"http:\/\/www.wrs-spiele.at\/paititi\/index.php?rest_route=%2Fwp%2Fv2%2Fmedia&parent=36"}],"curies":[{"name":"wp","href":"https:\/\/api.w.org\/{rel}","templated":true}]}}